{"id":345,"date":"2022-03-15T14:08:17","date_gmt":"2022-03-15T13:08:17","guid":{"rendered":"http:\/\/delagrainealassiette.be\/?page_id=345"},"modified":"2022-03-15T14:08:17","modified_gmt":"2022-03-15T13:08:17","slug":"presentation-des-delices-de-claire","status":"publish","type":"page","link":"https:\/\/delagrainealassiette.be\/?page_id=345","title":{"rendered":"Pr\u00e9sentation des D\u00e9lices de Claire"},"content":{"rendered":"\n<p class=\"wp-block-paragraph\">\u00c0 propos<\/p>\n\n\n\n<p class=\"wp-block-paragraph\">Partagez notre passion des arts culinaires. Traiteur pour vos \u00e9v\u00e8nements d&rsquo;entreprise et priv\u00e9s, Les D\u00e9lices de Claire s&rsquo;adapte \u00e0 toutes vos demandes.<\/p>\n\n\n\n<p class=\"wp-block-paragraph\">Informations suppl\u00e9mentaires<\/p>\n\n\n\n<p class=\"wp-block-paragraph\">Buffets divers et vari\u00e9s, barbecues, service \u00e0 l&rsquo;assiette, banquets&#8230;Nous travaillons exclusivement avec des producteurs locaux. Contactez nous pour plus de renseignements, nous \u00e9tudierons toutes vos demandes gratuitement.<\/p>\n","protected":false},"excerpt":{"rendered":"<p>\u00c0 propos Partagez notre passion des arts culinaires. Traiteur pour vos \u00e9v\u00e8nements d&rsquo;entreprise et priv\u00e9s, Les D\u00e9lices de Claire s&rsquo;adapte \u00e0 toutes vos demandes. Informations suppl\u00e9mentaires Buffets divers et vari\u00e9s, &hellip; <\/p>\n<p class=\"link-more\"><a href=\"https:\/\/delagrainealassiette.be\/?page_id=345\" class=\"more-link\">Continuer la lecture<span class=\"screen-reader-text\"> de &laquo;&nbsp;Pr\u00e9sentation des D\u00e9lices de Claire&nbsp;&raquo;<\/span><\/a><\/p>\n","protected":false},"author":1,"featured_media":255,"parent":266,"menu_order":0,"comment_status":"closed","ping_status":"closed","template":"","meta":{"_crdt_document":"","_price":"","_stock":"","_tribe_ticket_header":"","_tribe_default_ticket_provider":"","_tribe_ticket_capacity":"0","_ticket_start_date":"","_ticket_end_date":"","_tribe_ticket_show_description":"","_tribe_ticket_show_not_going":false,"_tribe_ticket_use_global_stock":"","_tribe_ticket_global_stock_level":"","_global_stock_mode":"","_global_stock_cap":"","_tribe_rsvp_for_event":"","_tribe_ticket_going_count":"","_tribe_ticket_not_going_count":"","_tribe_tickets_list":"[]","_tribe_ticket_has_attendee_info_fields":false,"footnotes":"","_tec_slr_enabled":"","_tec_slr_layout":""},"class_list":["post-345","page","type-page","status-publish","has-post-thumbnail","hentry"],"jetpack_sharing_enabled":true,"ticketed":false,"_links":{"self":[{"href":"https:\/\/delagrainealassiette.be\/index.php?rest_route=\/wp\/v2\/pages\/345","targetHints":{"allow":["GET"]}}],"collection":[{"href":"https:\/\/delagrainealassiette.be\/index.php?rest_route=\/wp\/v2\/pages"}],"about":[{"href":"https:\/\/delagrainealassiette.be\/index.php?rest_route=\/wp\/v2\/types\/page"}],"author":[{"embeddable":true,"href":"https:\/\/delagrainealassiette.be\/index.php?rest_route=\/wp\/v2\/users\/1"}],"replies":[{"embeddable":true,"href":"https:\/\/delagrainealassiette.be\/index.php?rest_route=%2Fwp%2Fv2%2Fcomments&post=345"}],"version-history":[{"count":1,"href":"https:\/\/delagrainealassiette.be\/index.php?rest_route=\/wp\/v2\/pages\/345\/revisions"}],"predecessor-version":[{"id":346,"href":"https:\/\/delagrainealassiette.be\/index.php?rest_route=\/wp\/v2\/pages\/345\/revisions\/346"}],"up":[{"embeddable":true,"href":"https:\/\/delagrainealassiette.be\/index.php?rest_route=\/wp\/v2\/pages\/266"}],"wp:featuredmedia":[{"embeddable":true,"href":"https:\/\/delagrainealassiette.be\/index.php?rest_route=\/wp\/v2\/media\/255"}],"wp:attachment":[{"href":"https:\/\/delagrainealassiette.be\/index.php?rest_route=%2Fwp%2Fv2%2Fmedia&parent=345"}],"curies":[{"name":"wp","href":"https:\/\/api.w.org\/{rel}","templated":true}]}}